 g(u) = u**3 - 4*u**2 - u - 1. Suppose 116*k + 784 = 120*k. Let a = -193 + k. What is g(a)?
-13
Let v(y) be the second derivative of 1/12*y**4 + 2/3*y**3 + 0 + 72*y + 3*y**2. Determine v(-6).
18
Let n(d) = -d**2 + 7*d + 2. Let l(p) = 3*p - 9. Let a be l(5). Let q = 38 + a. Let b = q - 37. Determine n(b).
2
Let y(k) = -34*k**2 + k**3 - 5 + 27*k**2 + 16*k**2 + 4*k - k - 4*k. Let b = 5 + -14. Calculate y(b).
4
Suppose 39 = -5*u + 149. Let z(y) = -5*y - u*y**2 + 2*y + 3*y. Give z(-1).
-22
Suppose 35 + 13 = -3*u. Let s = u - -21. Suppose 0 = 2*p + 3*p - 4*z - 29, s*p = z + 26. Let d(q) = q**3 - 4*q**2 - 5*q + 3. Determine d(p).
3
Let a(q) = 7*q**3 + 2*q**2. Let g(p) = -29*p**3 - 29*p**2 - 38*p + 5. Let v(c) = 4*a(c) + g(c). What is v(-19)?
5
Let s(q) = 14*q - 86. Let t be ((-96)/9)/4*(-945)/420. Give s(t).
-2
Suppose 0 = -10*v - 79 - 21. Let c(o) be the third derivative of -o**6/120 - 3*o**5/20 + 3*o**4/8 - 3*o**3/2 + 45*o**2. Give c(v).
1
Let y(o) = 10*o**2 + 4*o + 2. Suppose -117*d - 5*q - 14 = -114*d, -2*d = 2*q + 8. Give y(d).
80
Let p(z) = 4*z**2 + 158*z + 120. Let f(u) = -u**2 - 40*u - 30. Let s(o) = 23*f(o) + 6*p(o). Determine s(-1).
3
Let z(w) be the third derivative of 21*w**2 + 0 + 1/6*w**3 + 0*w + 1/24*w**4. Suppose 0*y - 3*l = -2*y - 21, -3*y = -5*l + 34. What is z(y)?
-2
Let h(o) = 2*o + 0*o - 299 + 311. Let t be h(-2). Let u(r) = 7*r + 5. Let s(y) = y + 1. Let p(i) = 6*s(i) - u(i). Determine p(t).
-7
Let m(h) = 17*h**2 + 10 + 29*h - 108 + 22 + 28 + 24 + h**3. Give m(-15).
-9
Suppose -67 + 59 = -4*z. Let p(g) = -4*g**3 + 6*g**z - 4*g**3 - 8 + 7*g**3 + 2*g**3 - 2*g. Suppose -2*x = t - 5*x + 15, 2*t = -x - 9. Give p(t).
4
Let j(w) = 3*w**3 - 26*w**2 - 24*w - 3. Let l(h) = -4*h**3 + 33*h**2 + 22*h + 4. Let v(n) = -3*j(n) - 2*l(n). Determine v(14).
1
Let s = 3559 - 3551. Let f(o) = o**2 + 14*o - 173. Give f(s).
3
Let d = -191 - -739. Let m = d - 542. Let a(h) = -5 + 7*h**2 + 0*h**2 - 4*h - h**3 - 2. Give a(m).
5
Let s(l) be the second derivative of l**5/20 + l**4/4 + l**3 + 15*l**2/2 + 6952*l. Calculate s(-4).
-25
Let v(t) = -t**2 - 4*t + 2. Suppose 3*m + 3*f = 27, 4*m + m - 2*f - 31 = 0. Suppose 0 = 5*j - m*j - 214. Let a = j - -110. Give v(a).
-19
Let x be (13 - 7)*48/36. Let i(v) = 8*v - 61. Determine i(x).
3
Let y = -617 + 623. Let b(r) = 3 - y*r - 2 + 0*r + 36*r. What is b(-1)?
-29
Let b(f) = -149*f + 306. Let n be b(2). Let q(g) = g**2 - 7*g - 10. Give q(n).
-2
Let n(s) = -16*s + 1. Let o(x) = 20*x**2 - 39*x. Let b be o(2). What is n(b)?
-31
Let h = 8175 + -8179. Let q(y) = 7*y - 15. What is q(h)?
-43
Let w(n) = n**3 - 7*n**2 + 8*n + 1. Let q = -96 - -98. Suppose -q*y = 5 - 175. Let b = 91 - y. Calculate w(b).
13
Let t(q) = 131*q**2 + 11*q + 9 + 106*q**2 - 235*q**2. Calculate t(-6).
15
Let n(w) = -36*w**3 - w**2 + 1. Suppose 0 = 15*l + 15 - 30. Calculate n(l).
-36
Let r(q) = 4*q + 2. Let n(w) = -11*w - 7. Let d(a) = -3*n(a) - 8*r(a). Let v be d(-3). Suppose -p + 5 = v*z, 0*p = -2*p - 2*z + 8. Let f(l) = 3*l. What is f(p)?
9
Let q(m) = -7*m - 26. Suppose -15*j - 54 = 67 + 89. What is q(j)?
72
Let t(n) = 10*n**2 - 2*n - 1. Let z(y) = 40*y - 10. Let h = 4 - 6. Let w be z(h). Let u be (-4)/14 - w/(-126). Calculate t(u).
11
Let g(j) = -2*j**2 - 2*j - 1. Let u be g(-1). Let y(x) be the second derivative of -2*x**3/3 + 92405*x. Calculate y(u).
4
Let x(g) = -7 + 196*g**2 - 79*g**2 - 30*g + 32 - 119*g**2. Calculate x(-14).
53
Let i(o) be the second derivative of 5*o**3/6 - 9*o**2/2 + 7838*o. Determine i(-10).
-59
Let q(r) = r**3 - 20*r**2 + 52*r - 18. Let m = 725 - 708. Give q(m).
-1
Let z(b) be the third derivative of b**7/210 - b**6/360 - 8*b**3/3 + 52*b**2. Let l(p) be the first derivative of z(p). Suppose 8*y = 3*y + 5. Calculate l(y).
3
Let y(z) = 3*z + 0*z**2 + z**2 - 1 - 3. Suppose 35 = 117*k - 550. Calculate y(k).
36
Let u(s) = s**2 + 5*s - 3. Let t be 4*((-90)/8)/(-9). Suppose 0*w + 10 = -2*w + 4*n, -t*n + 17 = -w. Let o be ((-10)/(w - 1))/1. Give u(o).
-3
Let d be 2/(-12) - ((-245)/30 - -8). Suppose -2*h - 4*o - 10 = 0, d*h - 1 = 5*h + 2*o. Let g(s) = s + 1. What is g(h)?
2
Suppose 0 = -a - 2*h + 7, -3*a = -3*h - 13 - 17. Let x(d) = d**3 - 7*d**2 - 17*d - 2. Calculate x(a).
7
Let y(p) be the first derivative of -45*p**2/2 - 120*p - 3494. Calculate y(-3).
15
Suppose 0 = 63*c - 16*c + 517. Let a(d) = 3*d**2 + 33*d - 6. What is a(c)?
-6
Let l(k) = k - 22. Suppose 0 = 324*n - 326*n - 1060. Let b = -517 - n. Determine l(b).
-9
Let b be ((-1102)/(-87) - 16)*78/(-10). Let a(v) = -2*v**2 + 55*v - 39. What is a(b)?
39
Let u(n) = n**2 - 8*n + 4. Let r be (-6 - -2)/((-4)/4). Let f = -28 + 32. Suppose 0 = 4*w + 3*h - 38, f*h - r - 4 = 0. Calculate u(w).
4
Suppose -3*v + 37 = -5*c, 2*c - 7*c = 2*v - 58. Let t(d) = 8 + v - 46 + d. Calculate t(0).
-19
Let p(i) be the third derivative of -i**5/60 + i**4/24 + i**3/2 + i**2 + 117*i. Let o = -49 + 34. Let g be (24/(-36))/(2/o). What is p(g)?
-17
Let g = 20512 + -20505. Let z(w) = -9*w + 14. Determine z(g).
-49
Let s(t) = t**2 + 10*t + 20. Let y = 287 + -242. Let r = -53 + y. Determine s(r).
4
Let y(c) = 2*c**2 + 32*c + 129. Let a be y(-9). Let j(x) = -2*x**2 + 22*x - 46. Calculate j(a).
2
Let c(z) = -z**2 + z - 11. Suppose 4*d - 13 = -f + 10, -4*d = 3*f - 29. Suppose 2*m = -k - 6, 15 = 39*k - 38*k - d*m. What is c(k)?
-11
Let u(v) = 14*v**2 - v + 1. Let a = 730 - 726. Suppose 0 = -a*t - t + 5. Give u(t).
14
Let u(p) = 36*p + 102. Let l(s) = 46*s + 100. Let j(o) = 2*l(o) - 3*u(o). What is j(-7)?
6
Let m(x) = -3*x - 3*x + 336 - 161 - 146. Determine m(6).
-7
Let m(g) be the first derivative of g**3 - 4*g - 256 + 3/2*g**2 + 1/4*g**4. Give m(-3).
-13
Let p(f) = -f**2 + 5*f + 6. Let k(v) = -v**3 + 3*v**2 - 3*v + 11. Let a be k(3). Suppose i - 3 = a*z, 4 = 5*i + 2*z - 35. Calculate p(i).
-8
Suppose -199*a = -97*a - 93*a. Let z(k) be the third derivative of 5*k**2 + 1/8*k**4 + a*k + 0*k**3 + 0. What is z(2)?
6
Let c(s) = -s**3 - 3*s**2 + 7*s + 6. Let h be 180/4*10/(-25). Let u be (-932)/h + (-8)/(-324)*9. Suppose -14*b - u = -b. Determine c(b).
-6
Let u(m) = m**2 + m - 27. Suppose 7*h - 4*h + 3*i = 606, -5*h + 3*i = -994. Let k = -200 + h. Determine u(k).
-27
Let z(w) = -11 + 0 + 16 - 4*w + 4. Let x be z(1). Let n(o) = 0 + 1 + o**2 - 3 - 3*o. Calculate n(x).
8
Let y(l) = -l - 2. Let o be y(-3). Let k be (o - -5) + -4 + 2. Let n(d) = -7*d - k + 8*d + 2 + 7. Calculate n(-8).
-3
Let l(j) be the first derivative of -11*j**3/3 + 5*j**2/2 + 29*j - 17. Let f(u) = -5*u**2 + 3*u + 14. Let a(s) = 9*f(s) - 4*l(s). Calculate a(9).
-8
Let w(z) be the first derivative of z**3/3 - 11*z**2 + 111*z - 7670. What is w(10)?
-9
Let a = -2942 + 2937. Let t(x) = -10*x + 8. Calculate t(a).
58
Let u be 9 + 9*(-50)/60 - 9/(-6). Let n(d) be the second derivative of 1/4*d**4 + 27*d + 1/20*d**5 + 0 - 1/6*d**u + 1/2*d**2. What is n(2)?
19
Let p(o) = o**3 - 12*o**2 + 23*o - 26. Let d be p(10). Suppose d*h - l + 25 = 2*l, 4*l = 3*h + 24. Let i(f) = f**2 + 6*f + 4. Determine i(h).
-4
Let m(d) = -3*d - 5. Suppose 44*u + 18 = 3*o + 46*u, -3*u + 8 = -5*o. Calculate m(o).
-11
Suppose 5*s - 21 = 2*l, -26 = -4*s - 4*l + l. Let b be ((-3)/3 - 1) + s. Let m(r) = -599864*r - 1 - 599864*r + 1199726*r. What is m(b)?
-7
Let y(b) = -4*b**2 + 7*b + 1. Let m = -175 + 179. Let f(a) = -5*a**2 + 6*a + 3. Let n(i) = m*y(i) - 3*f(i). Give n(8).
11
Let y(m) = -110*m - 998. Let k be y(-9). Let f(r) = 2*r**2 + 9*r - 19. What is f(k)?
37
Suppose -644*r - 542 = -373*r. Let b(w) = 23*w + 9. Let l(u) = 4*u + 5 - 1 + 7*u. Let i(v) = -6*b(v) + 13*l(v). What is i(r)?
-12
Let n(x) = -14*x**3 - 132*x**2 + 75*x + 172. Let p(o) = -5*o**3 - 46*o**2 + 25*o + 58. Let d(t) = -4*n(t) + 11*p(t). Calculate d(-23).
-4
Suppose -4*d + 2*t - t + 4 = 0, -3*d + 2*t = -8. Let k(b) = -b**2 + 6 + 9*b + 6 + d. Let x(p) = -p**2 + 8*p + 11. Let o(w) = 6*k(w) - 7*x(w). Give o(5).
10
Let x be 8/2 + 13/(78/12). Let b(s) = 4*s - 9. Let q(f) = -11*f + 26. Suppose -8*h + 15*h = -21. Let j(d) = h*q(d) - 8*b(d). Determine j(x).
0
Let z(m) be the first derivative of 10*m - 1/4*m**4 - 8/3*m**3 - 4 + 1/2*m**2. Suppose -23*r + 72 = 256. What is z(r)?
2
Suppose 5*h - 41 = -k - 45, 5*k - 2*h = -209. Let o(y) = 3*y + 131. Determine o(k).
14
Let a = 5972 - 5970. Let t(v) be the first derivative of 2*v**4